{"id":26027,"date":"2026-04-01T13:32:48","date_gmt":"2026-04-01T17:32:48","guid":{"rendered":"https:\/\/ent-nts.ca\/?post_type=tec&#038;p=26027"},"modified":"2026-04-08T14:21:38","modified_gmt":"2026-04-08T18:21:38","slug":"tec-a-la-rencontre-des-ruellois-es-meeting-with-the-alleyans","status":"publish","type":"tec","link":"https:\/\/ent-nts.ca\/en\/tec\/tec-a-la-rencontre-des-ruellois-es-meeting-with-the-alleyans\/","title":{"rendered":"TEC &#8211; \u00c0 la rencontre des ruellois.es\/ Meeting with the Alleyans"},"content":{"rendered":"\n<h3 class=\"wp-block-heading\">\u2014 ABOUT THE PROJECT<\/h3>\n\n\n\n<p>Growing up in Ottawa, I moved around a lot, which made it awfully difficult to create and maintain relationships with folks in the neighborhoods I inhabited. Add to that a set of overly protective immigrant parents and an introverted personality, and you\u2019ve got a perfect combination for isolation from my surroundings. In today\u2019s current climate, it is more important than ever to truly see each other and create spaces that foster interdependence.I\u2019m starting to understand the importance and vital necessity of building relationships and fostering organic solidarity to those that are in proximity to me. The alleys of Montreal are magical spaces that offer that possibility and I want to take advantage of that. I intend to create an in situ theater experience that fosters resilience and centers around connections. I want to facilitate a 30 hour residency that culminates in a presentation for and by the inhabitants of the (St-gr\u00e9goire\/Laurier) alley in which I reside. I will reach out to the community through flyers and once the participants have been decided upon, they will be divided into intergenerational groups who will be tasked to create a 10 minute piece based on the theme of organic solidarity<\/p>\n\n\n\n<hr class=\"wp-block-separator has-alpha-channel-opacity is-style-dots\"\/>\n\n\n\n<h3 class=\"wp-block-heading\">\u2014 BIOGRAPHY<\/h3>\n\n\n\n<p><\/p>\n\n\n\n<div class=\"wp-block-media-text is-stacked-on-mobile is-vertically-aligned-top\"><figure class=\"wp-block-media-text__media\"><img loading=\"lazy\" decoding=\"async\" width=\"1920\" height=\"1920\" src=\"https:\/\/ent-nts.ca\/app\/uploads\/2026\/03\/beatrix-belizaire-1271-1.jpg\" alt=\"\" class=\"wp-image-25091 size-full\" srcset=\"https:\/\/ent-nts.ca\/app\/uploads\/2026\/03\/beatrix-belizaire-1271-1.jpg 1920w, https:\/\/ent-nts.ca\/app\/uploads\/2026\/03\/beatrix-belizaire-1271-1-1024x1024.jpg 1024w, https:\/\/ent-nts.ca\/app\/uploads\/2026\/03\/beatrix-belizaire-1271-1-768x768.jpg 768w, https:\/\/ent-nts.ca\/app\/uploads\/2026\/03\/beatrix-belizaire-1271-1-1536x1536.jpg 1536w\" sizes=\"auto, (max-width: 1920px) 100vw, 1920px\" \/><\/figure><div class=\"wp-block-media-text__content\">\n<p><strong>B\u00e9n\u00e9dicte B\u00e9lizaire (Acting, 2024) <\/strong>B\u00e9n\u00e9dicte B\u00e9lizaire is an actor hailing from the French Antilles Island of Haiti, raised in Ottawa and based in Montreal. She is a trilingual (Haitian Creole, French, English) theatre maker with an insatiable curiosity and a desire to make theatre that is bold and innovative.<\/p>\n\n\n\n<p>B\u00e9n\u00e9dicte has over a decade of experience working as an actor on screen and on stage. Her recent film and TV credits include: <em>L\u2019Acad\u00e9mie<\/em> (Super \u00c9cran), <em>The Bold Type<\/em> (Freeform), <em>Am\u00e9lie et Compagnie<\/em> (TFO<em>), F\u00e9minin\/F\u00e9minin<\/em> (Web), <em>30 Vies<\/em> (Radio-Canada). Theatre credits include <em>Strata<\/em> <em>Inc<\/em>.(Undercurrents<em>), Princesse de Personne<\/em> (La catapulte), <em>How Black Mothers Say I Love You<\/em> (GCTC), <em>A Christmas Carol<\/em> (NAC).<\/p>\n\n\n\n<p>While training at the National Theatre School of Canada, B\u00e9n\u00e9dicte has worked with inspiring artists including Jackie Maxwell, Rebecca Harper, Jessica B. Hill, Rebecca Northan, Ruth Madoc-Jones, Tim Welham, Harveen Sandhu, Nancy Benjamin, Jonathan Patterson and many more. She has honed her skills in dance, movement, music, text analysis, voice and stage performance. B\u00e9n\u00e9dicte is thrilled to step back into the professional field with an open heart and determined spirit.<\/p>\n<\/div><\/div>\n\n\n\n<p><\/p>\n\n\n\n<p><\/p>\n\n\n\n<hr class=\"wp-block-separator has-alpha-channel-opacity is-style-dots\"\/>\n\n\n\n<p><\/p>\n","protected":false},"featured_media":25091,"template":"","annee":[252],"class_list":["post-26027","tec","type-tec","status-publish","has-post-thumbnail","hentry","annee-2022-2023-en"],"acf":[],"_links":{"self":[{"href":"https:\/\/ent-nts.ca\/en\/wp-json\/wp\/v2\/tec\/26027","targetHints":{"allow":["GET"]}}],"collection":[{"href":"https:\/\/ent-nts.ca\/en\/wp-json\/wp\/v2\/tec"}],"about":[{"href":"https:\/\/ent-nts.ca\/en\/wp-json\/wp\/v2\/types\/tec"}],"version-history":[{"count":4,"href":"https:\/\/ent-nts.ca\/en\/wp-json\/wp\/v2\/tec\/26027\/revisions"}],"predecessor-version":[{"id":26481,"href":"https:\/\/ent-nts.ca\/en\/wp-json\/wp\/v2\/tec\/26027\/revisions\/26481"}],"wp:featuredmedia":[{"embeddable":true,"href":"https:\/\/ent-nts.ca\/en\/wp-json\/wp\/v2\/media\/25091"}],"wp:attachment":[{"href":"https:\/\/ent-nts.ca\/en\/wp-json\/wp\/v2\/media?parent=26027"}],"wp:term":[{"taxonomy":"annee","embeddable":true,"href":"https:\/\/ent-nts.ca\/en\/wp-json\/wp\/v2\/annee?post=26027"}],"curies":[{"name":"wp","href":"https:\/\/api.w.org\/{rel}","templated":true}]}}

TEC &#8211; À la rencontre des ruellois.es/ Meeting with the Alleyans

<h3 class="wp-block-heading">— ABOUT THE PROJECT</h3>



<p>Growing up in Ottawa, I moved around a lot, which made it awfully difficult to create and maintain relationships with folks in the neighborhoods I inhabited. Add to that a set of overly protective immigrant parents and an introverted personality, and you’ve got a perfect combination for isolation from my surroundings. In today’s current climate, it is more important than ever to truly see each other and create spaces that foster interdependence.I’m starting to understand the importance and vital necessity of building relationships and fostering organic solidarity to those that are in proximity to me. The alleys of Montreal are magical spaces that offer that possibility and I want to take advantage of that. I intend to create an in situ theater experience that fosters resilience and centers around connections. I want to facilitate a 30 hour residency that culminates in a presentation for and by the inhabitants of the (St-grégoire/Laurier) alley in which I reside. I will reach out to the community through flyers and once the participants have been decided upon, they will be divided into intergenerational groups who will be tasked to create a 10 minute piece based on the theme of organic solidarity</p>



<hr class="wp-block-separator has-alpha-channel-opacity is-style-dots"/>



<h3 class="wp-block-heading">— BIOGRAPHY</h3>



<p></p>



<div class="wp-block-media-text is-stacked-on-mobile is-vertically-aligned-top"><figure class="wp-block-media-text__media"><img loading="lazy" decoding="async" width="1920" height="1920" src="https://ent-nts.ca/app/uploads/2026/03/beatrix-belizaire-1271-1.jpg" alt="" class="wp-image-25091 size-full" srcset="https://ent-nts.ca/app/uploads/2026/03/beatrix-belizaire-1271-1.jpg 1920w, https://ent-nts.ca/app/uploads/2026/03/beatrix-belizaire-1271-1-1024x1024.jpg 1024w, https://ent-nts.ca/app/uploads/2026/03/beatrix-belizaire-1271-1-768x768.jpg 768w, https://ent-nts.ca/app/uploads/2026/03/beatrix-belizaire-1271-1-1536x1536.jpg 1536w" sizes="auto, (max-width: 1920px) 100vw, 1920px" /></figure><div class="wp-block-media-text__content">
<p><strong>Bénédicte Bélizaire (Acting, 2024) </strong>Bénédicte Bélizaire is an actor hailing from the French Antilles Island of Haiti, raised in Ottawa and based in Montreal. She is a trilingual (Haitian Creole, French, English) theatre maker with an insatiable curiosity and a desire to make theatre that is bold and innovative.</p>



<p>Bénédicte has over a decade of experience working as an actor on screen and on stage. Her recent film and TV credits include: <em>L’Académie</em> (Super Écran), <em>The Bold Type</em> (Freeform), <em>Amélie et Compagnie</em> (TFO<em>), Féminin/Féminin</em> (Web), <em>30 Vies</em> (Radio-Canada). Theatre credits include <em>Strata</em> <em>Inc</em>.(Undercurrents<em>), Princesse de Personne</em> (La catapulte), <em>How Black Mothers Say I Love You</em> (GCTC), <em>A Christmas Carol</em> (NAC).</p>



<p>While training at the National Theatre School of Canada, Bénédicte has worked with inspiring artists including Jackie Maxwell, Rebecca Harper, Jessica B. Hill, Rebecca Northan, Ruth Madoc-Jones, Tim Welham, Harveen Sandhu, Nancy Benjamin, Jonathan Patterson and many more. She has honed her skills in dance, movement, music, text analysis, voice and stage performance. Bénédicte is thrilled to step back into the professional field with an open heart and determined spirit.</p>
</div></div>



<p></p>



<p></p>



<hr class="wp-block-separator has-alpha-channel-opacity is-style-dots"/>



<p></p>
